3?
2
What is the millions digit of 2325467?
2
What is the hundreds digit of 136278?
2
What is the ten thousands digit of 110204?
1
What is the thousands digit of 32844?
2
What is the ten thousands digit of 97321?
9
What is the hundreds digit of 114756?
7
What is the hundreds digit of 3125046?
0
What is the tens digit of 187455?
5
What is the tens digit of 942374?
7
What is the thousands digit of 265076?
5
What is the thousands digit of 5258960?
8
What is the units digit of 7602122?
2
What is the millions digit of 1629266?
1
What is the hundred thousands digit of 138775?
1
What is the millions digit of 1543291?
1
What is the millions digit of 14006021?
4
What is the hundreds digit of 320928?
9
What is the tens digit of 1374481?
8
What is the ten thousands digit of 13840056?
4
What is the ten thousands digit of 523286?
2
What is the ten thousands digit of 1268383?
6
What is the units digit of 1246064?
4
What is the thousands digit of 18769543?
9
What is the units digit of 284323?
3
What is the tens digit of 139312?
1
What is the thousands digit of 602590?
2
What is the tens digit of 1461699?
9
What is the tens digit of 47964?
6
What is the units digit of 29857469?
9
What is the units digit of 3413898?
8
What is the hundreds digit of 1622070?
0
What is the ten thousands digit of 10789331?
8
What is the tens digit of 3905141?
4
What is the tens digit of 27125406?
0
What is the tens digit of 226611?
1
What is the hundreds digit of 424384?
3
What is the ten thousands digit of 1065836?
6
What is the thousands digit of 12963999?
3
What is the units digit of 3936?
6
What is the hundreds digit of 604744?
7
What is the units digit of 11276070?
0
What is the units digit of 207035?
5
What is the thousands digit of 216554?
6
What is the tens digit of 741054?
5
What is the hundreds digit of 17354718?
7
What is the hundred thousands digit of 2506004?
5
What is the ten thousands digit of 16733775?
3
What is the units digit of 300902?
2
What is the millions digit of 5748351?
5
What is the hundreds digit of 12609928?
9
What is the ten thousands digit of 27079?
2
What is the ten thousands digit of 691222?
9
What is the hundred thousands digit of 331118?
3
What is the tens digit of 1312478?
7
What is the ten thousands digit of 521577?
2
What is the ten thousands digit of 2135651?
3
What is the hundreds digit of 312380?
3
What is the ten millions digit of 10402952?
1
What is the units digit of 836094?
4
What is the thousands digit of 22429?
2
What is the millions digit of 11352165?
1
What is the hundreds digit of 3664693?
6
What is the hundreds digit of 309056?
0
What is the tens digit of 388041?
4
What is the thousands digit of 190389?
0
What is the tens digit of 27802?
0
What is the hundreds digit of 369475?
4
What is the units digit of 10021303?
3
What is the hundred thousands digit of 385635?
3
What is the ten thousands digit of 11619013?
1
What is the hundreds digit of 1292429?
4
What is the hundreds digit of 33789036?
0
What is the tens digit of 5642344?
4
What is the millions digit of 2296810?
2
What is the hundreds digit of 6039913?
9
What is the hundreds digit of 4623467?
4
What is the ten thousands digit of 212792?
1
What is the tens digit of 47891?
9
What is the thousands digit of 15565082?
5
What is the tens digit of 751952?
5
What is the ten thousands digit of 987952?
8
What is the ten thousands digit of 1674456?
7
What is the millions digit of 20967050?
0
What is the ten thousands digit of 1351099?
5
What is the ten thousands digit of 156878?
5
What is the hundreds digit of 487940?
9
What is the units digit of 29170406?
6
What is the thousands digit of 4263275?
3
What is the hundred thousands digit of 31154304?
1
What is the thousands digit of 2331583?
1
What is the hundreds digit of 1300737?
7
What is the thousands digit of 11130781?
0
What is the hundreds digit of 2814048?
0
What is the units digit of 1125901?
1
What is the hundred thousands digit of 3852319?
8
What is the tens digit of 148654?
5
What is the units digit of 3543456?
6
What is the hundreds digit of 21029948?
9
What is the thousands digit of 242075?
2
What is the units digit of 1275898?
8
What is the ten millions digit of 11419739?
1
What is the thousands digit of 11829532?
9
What is the hundreds digit of 94993?
9
What is the hundreds digit of 2439592?
5
What is the units digit of 874605?
5
What is the ten millions digit of 18768220?
1
What is the hundreds digit of 371810?
8
What is the thousands digit of 123548?
3
What is the thousands digit of 480497?
0
What is the thousands digit of 3308215?
8
What is the tens digit of 9649589?
8
What is the hundred thousands digit of 219992?
2
What is the tens digit of 1065146?
4
What is the ten thousands digit of 73110?
7
What is the tens digit of 927039?
3
What is the units digit of 62051?
1
What is the units digit of 1183550?
0
What is the units digit of 261609?
9
What is the hundred thousands digit of 278340?
2
What is the ten thousands digit of 97580?
9
What is the tens digit of 56487?
8
What is the millions digit of 1656890?
1
What is the thousands digit of 18557919?
7
What is the thousands digit of 1417039?
7
What is the units digit of 14595?
5
What is the tens digit of 19657876?
7
What is the hundreds digit of 2767998?
9
What is the thousands digit of 393325?
3
What is the units digit of 484128?
8
What is the ten thousands digit of 516740?
1
What is the ten thousands digit of 115805?
1
What is the ten thousands digit of 85056?
8
What is the hundred thousands digit of 1825137?
8
What is the hundreds digit of 21147116?
1
What is the ten thousands digit of 84909?
8
What is the hundred thousands digit of 817609?
8
What is the thousands digit of 5378325?
8
What is the hundreds digit of 1685998?
9
What is the ten thousands digit of 634911?
3
What is the ten thousands digit of 21712269?
1
What is the millions digit of 2809487?
2
What is the ten millions digit of 33333880?
3
What is the thousands digit of 19675313?
5
What is the ten thousands digit of 1253638?
5
What is the tens digit of 4209440?
4
What is the hundreds digit of 2017105?
1
What is the hundreds digit of 3222084?
0
What is the units digit of 667358?
8
What is the units digit of 709567?
7
What is the thousands digit of 1733456?
3
What is the thousands digit of 6289808?
9
What is the ten thousands digit of 1163531?
6
What is the hundreds digit of 173324?
3
What is the ten thousands digit of 4270026?
7
What is the tens digit of 1384162?
6
What is the tens digit of 519201?
0
What is the hundreds digit of 15338705?
7
What is the hundreds digit of 843339?
3
What is the thousands digit of 5460993?
0
What is the hundred thousands digit of 149309?
1
What is the hundreds digit of 5133147?
1
What is the ten thousands digit of 17648807?
4
What is the hundred thousands digit of 385353?
3
What is the ten thousands digit of 235192?
3
What is the hundred thousands digit of 943750?
9
What is the ten thousands digit of 357277?
5
What is the units digit of 1097205?
5
What is the hundred thousands digit of 8561878?
5
What is the thousands digit of 225794?
5
What is the thousands digit of 5764045?
4
What is the units digit of 664302?
2
What is the units digit of 2196551?
1
What is the units digit of 108609?
9
What is the hundred thousands digit of 348547?
3
What is the ten thousands digit of 112786?
1
What is the tens digit of 7245432?
3
What is the millions digit of 2266799?
2
What is the millions digit of 10054465?
0
What is the tens digit of 1400903?
0
What is the tens digit of 5363087?
8
What is the hundred thousands digit of 902821?
9
What is the tens digit of 448674?
7
What is the ten thousands digit of 2542190?
4
What is the hundreds digit of 207499?
4
What is the units digit of 35573?
3
What is the hundreds digit of 478101?
1
What is the thousands digit of 5462210?
2
What is the ten thousands digit of 1026819?
2
What is the units digit of 662292?
2
What is the thousands digit of 1246065?
6
What is the thousands digit of 481530?
1
What is the tens digit of 37007463?
6
What is the units digit of 1266462?
2
What is the ten millions digit of 14808017?
1
What is the hundred thousands digit of 9581472?
5
What is the ten thousands digit of 68427?
6
What is the tens digit of 81260?
6
What is the thou